{"id":123,"date":"2017-11-08T18:44:51","date_gmt":"2017-11-08T17:44:51","guid":{"rendered":"http:\/\/www.myclub-lmdf.com\/?page_id=123"},"modified":"2017-12-14T22:52:56","modified_gmt":"2017-12-14T21:52:56","slug":"mentions-legales","status":"publish","type":"page","link":"https:\/\/www.myclub-lmdf.com\/index.php\/mentions-legales\/","title":{"rendered":"mentions legales"},"content":{"rendered":"<h2>Editeur<\/h2>\n<p><strong>CLUB la Marseillaise des femmes<\/strong><br \/>\nSi\u00e8ge social : 146 rue paradis \u2013 13006 Marseille \u2013 France<br \/>\nE-Mail : <a href=\"mailto:guylounette51@gmail.com\">guylounette51@gmail.com<\/a> <a href=\"mailto:guylounette51@gmail.com\"><br \/>\n<\/a>Directeur de publication : Guylaine PAUL<br \/>\nWebDesigner : Daphn\u00e9 BOUTET-ANTONIO<br \/>\nT\u00e9l : 06 80 51 61 55<\/p>\n<h2>H\u00e9bergeur<\/h2>\n<p><strong>OVH<\/strong><br \/>\nSAS au capital de 10 000 000 \u20ac<br \/>\nRCS Roubaix \u2013 Tourcoing 42476141900011<br \/>\nCode APE 6202A<br \/>\nN\u00b0TVA : FR 22 424 761 419<br \/>\nSi\u00e8ge social : 2 rue Kellerman \u2013 59100 Roubaix \u2013 France<br \/>\nWeb :\u00a0<a href=\"http:\/\/www.ovh.com\/\">www.ovh.com<br \/>\n<\/a>T\u00e9l : 0820 698 765<\/p>\n<h2>Collecte et utilisation des donn\u00e9es \u00e0 caract\u00e8re personnel<\/h2>\n<p>Le club la marseillaise des femmes consid\u00e8re que vos coordonn\u00e9es sont des donn\u00e9es\u00a0 confidentielles, et s\u2019engage \u00e0 ne pas les divulguer. Vous disposez d\u2019un droit d\u2019acc\u00e8s, de modification, de rectification et de suppression des donn\u00e9es qui vous concernent (article 34 de la loi Informatique et libert\u00e9s n\u00b0 78-17 du 6 janvier 1978. Vous pouvez exercer ce droit en \u00e9crivant \u00e0 <a href=\"mailto:guylounette51@gmail.com\">guylounette51@gmail.com<\/a>.<\/p>\n<h2>Droit d\u2019auteur<\/h2>\n<p>Tous les \u00e9l\u00e9ments de toute nature (images fixes, images anim\u00e9es, bases de donn\u00e9es, marques, illustrations, logos, dessins, mod\u00e8les, mise en page, documents t\u00e9l\u00e9chargeables) contenus dans le site du myclub-lmdf.com sont prot\u00e9g\u00e9s en tant qu\u2019\u0153uvre de l\u2019esprit par la l\u00e9gislation fran\u00e7aise et internationale sur le droit d\u2019auteur et la propri\u00e9t\u00e9 intellectuelle. Ces \u00e9l\u00e9ments restent la propri\u00e9t\u00e9 exclusive de myclub-lmdf.com, sauf mentions particuli\u00e8res. A ce titre, sauf autorisation pr\u00e9alable et \u00e9crite de l\u2019Editeur, toute reproduction, repr\u00e9sentation, adaptation, modification partielle ou int\u00e9grale de tout \u00e9l\u00e9ment composant le site, par quelque moyen que ce soit, est interdite sous peine de poursuite judiciaire.<\/p>\n<h2>Liens hypertextes<\/h2>\n<p>La mise en place de liens hypertextes vers le site internet est soumise \u00e0 une autorisation \u00e9crite et pr\u00e9alable de l\u2019Editeur.<br \/>\nLa demande d\u2019autorisation se fait par courriel \u00e0 l\u2019adresse suivante <a href=\"mailto:guylounette51@gmail.com\">guylounette51@gmail.com<\/a>.<br \/>\nL\u2019Editeur se d\u00e9gage de toute responsabilit\u00e9 quant au contenu de sites tiers qui seraient li\u00e9s \u00e0 son site internet apr\u00e8s autorisation.<\/p>\n<h2>Les cookies<\/h2>\n<p>Un cookie est un fichier plac\u00e9 dans l\u2019ordinateur de l\u2019utilisateur du site internet\u00a0myclub-lmdf.com et qui est g\u00e9r\u00e9 par Guylaine PAUL, lequel a proc\u00e9d\u00e9 \u00e0 l\u2019installation de ce cookie. Le but des cookies est de permettre de reconna\u00eetre l\u2019ordinateur d\u2019un utilisateur du site internet du myclub-lmdf.com lors de sa prochaine visite sur le site.<\/p>\n<p>Guylaine PAUL utilise ces cookies pour collecter des informations temporairement concernant les visiteurs du site internet et leurs visites. Les informations collect\u00e9es peuvent \u00eatre les pages visit\u00e9es par un utilisateur, le temps pass\u00e9 sur les pages visit\u00e9es, le nombre de visite par jour\u2026).<\/p>\n<p>Toutes les informations collect\u00e9es indirectement ne seront utilis\u00e9es que pour suivre le volume, le type et la configuration du trafic utilisant ce site, pour en d\u00e9velopper la conception et l&rsquo;agencement et \u00e0 d&rsquo;autres fins administratives et de planification et plus g\u00e9n\u00e9ralement pour am\u00e9liorer le service que l\u2019\u00e9diteur offre aux internautes via le site internet myclub-lmdf.com.<\/p>\n<p>Chaque utilisateur du site internet accepte que les cookies soient install\u00e9s sur leur ordinateur. N\u00e9anmoins, chaque utilisateur du site internet peut refuser les cookies dans les param\u00e8tres de configuration de son navigateur internet.<\/p>\n","protected":false},"excerpt":{"rendered":"<p>Editeur CLUB la Marseillaise des femmes Si\u00e8ge social : 146 rue paradis \u2013 13006 Marseille \u2013 France E-Mail : guylounette51@gmail.com Directeur de publication : Guylaine PAUL WebDesigner : Daphn\u00e9 BOUTET-ANTONIO &hellip; <\/p>\n<p class=\"link-more\"><a href=\"https:\/\/www.myclub-lmdf.com\/index.php\/mentions-legales\/\" class=\"more-link\">Continuer la lecture<span class=\"screen-reader-text\"> de &laquo;&nbsp;mentions legales&nbsp;&raquo;<\/span><\/a><\/p>\n","protected":false},"author":1,"featured_media":0,"parent":0,"menu_order":0,"comment_status":"closed","ping_status":"closed","template":"","meta":{"footnotes":""},"class_list":["post-123","page","type-page","status-publish","hentry"],"post_mailing_queue_ids":[],"_links":{"self":[{"href":"https:\/\/www.myclub-lmdf.com\/index.php\/wp-json\/wp\/v2\/pages\/123","targetHints":{"allow":["GET"]}}],"collection":[{"href":"https:\/\/www.myclub-lmdf.com\/index.php\/wp-json\/wp\/v2\/pages"}],"about":[{"href":"https:\/\/www.myclub-lmdf.com\/index.php\/wp-json\/wp\/v2\/types\/page"}],"author":[{"embeddable":true,"href":"https:\/\/www.myclub-lmdf.com\/index.php\/wp-json\/wp\/v2\/users\/1"}],"replies":[{"embeddable":true,"href":"https:\/\/www.myclub-lmdf.com\/index.php\/wp-json\/wp\/v2\/comments?post=123"}],"version-history":[{"count":6,"href":"https:\/\/www.myclub-lmdf.com\/index.php\/wp-json\/wp\/v2\/pages\/123\/revisions"}],"predecessor-version":[{"id":225,"href":"https:\/\/www.myclub-lmdf.com\/index.php\/wp-json\/wp\/v2\/pages\/123\/revisions\/225"}],"wp:attachment":[{"href":"https:\/\/www.myclub-lmdf.com\/index.php\/wp-json\/wp\/v2\/media?parent=123"}],"curies":[{"name":"wp","href":"https:\/\/api.w.org\/{rel}","templated":true}]}}